{"id":1722,"date":"2023-06-11T11:57:41","date_gmt":"2023-06-11T10:57:41","guid":{"rendered":"http:\/\/nuevo.korevia.com\/?page_id=1722"},"modified":"2023-07-01T12:40:32","modified_gmt":"2023-07-01T11:40:32","slug":"sobre-mi","status":"publish","type":"page","link":"https:\/\/korevia.com\/index.php\/sobre-mi\/","title":{"rendered":"Sobre m\u00ed"},"content":{"rendered":"\n<div class=\"wp-block-group is-content-justification-center is-nowrap is-layout-flex wp-container-core-group-is-layout-23441af8 wp-block-group-is-layout-flex\">\n<figure class=\"wp-block-image size-large is-resized\"><img loading=\"lazy\" decoding=\"async\" src=\"http:\/\/nuevo.korevia.com\/wp-content\/uploads\/2023\/07\/Foto-de-Lu-683x1024.jpg\" alt=\"Foto de Lu, artesana creadora de Korevia\" class=\"wp-image-1772\" width=\"342\" height=\"512\" srcset=\"https:\/\/korevia.com\/wp-content\/uploads\/2023\/07\/Foto-de-Lu-683x1024.jpg 683w, https:\/\/korevia.com\/wp-content\/uploads\/2023\/07\/Foto-de-Lu-200x300.jpg 200w, https:\/\/korevia.com\/wp-content\/uploads\/2023\/07\/Foto-de-Lu-768x1152.jpg 768w, https:\/\/korevia.com\/wp-content\/uploads\/2023\/07\/Foto-de-Lu-600x900.jpg 600w, https:\/\/korevia.com\/wp-content\/uploads\/2023\/07\/Foto-de-Lu.jpg 846w\" sizes=\"auto, (max-width: 342px) 100vw, 342px\" \/><\/figure>\n<\/div>\n\n\n\n<p>\u00a1Hola a todos! Mi nombre es Luc\u00eda y soy la propietaria de Korevia. Dediqu\u00e9 muchos a\u00f1os de mi vida al mundo&nbsp;del espect\u00e1culo trabajando como cantante, durante el&nbsp;confinamiento&nbsp;empec\u00e9 a crear artesan\u00edas para familiares y conocidos.<\/p>\n\n\n\n<p>Despu\u00e9s de un largo proceso de aprendizaje, me puse el mundo por montera y&nbsp;decid\u00ed convertirlo en mi trabajo, llevando color e ilusi\u00f3n a la vida de las personas a trav\u00e9s de mis creaciones.<\/p>\n\n\n\n<p>Con un estilo desenfadado, divertido y original, los accesorios de Korevia son para personas como nosotras, atrevidas y con ganas de re\u00edrse de la vida, que no tenemos miedo del que dir\u00e1n y hacemos las cosas por el mejor motivo del mundo: porque nos gusta.<\/p>\n\n\n\n<p>Trabajando siempre desde el cari\u00f1o, hago creaciones \u00fanicas, para las personas que quieran llevar una pieza de artesan\u00eda exclusiva, porque todos nos merecemos destacar por lo especiales que somos.<\/p>\n","protected":false},"excerpt":{"rendered":"<p>\u00a1Hola a todos! Mi nombre es Luc\u00eda y soy la propietaria de Korevia. Dediqu\u00e9 muchos a\u00f1os de mi vida al mundo&nbsp;del espect\u00e1culo trabajando como cantante, durante el&nbsp;confinamiento&nbsp;empec\u00e9 a crear artesan\u00edas para familiares y conocidos. Despu\u00e9s de un largo proceso de aprendizaje, me puse el mundo por montera y&nbsp;decid\u00ed convertirlo en mi trabajo, llevando color e [&hellip;]<\/p>\n","protected":false},"author":1,"featured_media":0,"parent":0,"menu_order":0,"comment_status":"closed","ping_status":"closed","template":"","meta":{"site-sidebar-layout":"default","site-content-layout":"","ast-site-content-layout":"","site-content-style":"default","site-sidebar-style":"default","ast-global-header-display":"","ast-banner-title-visibility":"","ast-main-header-display":"","ast-hfb-above-header-display":"","ast-hfb-below-header-display":"","ast-hfb-mobile-header-display":"","site-post-title":"","ast-breadcrumbs-content":"","ast-featured-img":"","footer-sml-layout":"","theme-transparent-header-meta":"","adv-header-id-meta":"","stick-header-meta":"","header-above-stick-meta":"","header-main-stick-meta":"","header-below-stick-meta":"","astra-migrate-meta-layouts":"default","ast-page-background-enabled":"default","ast-page-background-meta":{"desktop":{"background-color":"var(--ast-global-color-4)","background-image":"","background-repeat":"repeat","background-position":"center center","background-size":"auto","background-attachment":"scroll","background-type":"","background-media":"","overlay-type":"","overlay-color":"","overlay-opacity":"","overlay-gradient":""},"tablet":{"background-color":"","background-image":"","background-repeat":"repeat","background-position":"center center","background-size":"auto","background-attachment":"scroll","background-type":"","background-media":"","overlay-type":"","overlay-color":"","overlay-opacity":"","overlay-gradient":""},"mobile":{"background-color":"","background-image":"","background-repeat":"repeat","background-position":"center center","background-size":"auto","background-attachment":"scroll","background-type":"","background-media":"","overlay-type":"","overlay-color":"","overlay-opacity":"","overlay-gradient":""}},"ast-content-background-meta":{"desktop":{"background-color":"var(--ast-global-color-5)","background-image":"","background-repeat":"repeat","background-position":"center center","background-size":"auto","background-attachment":"scroll","background-type":"","background-media":"","overlay-type":"","overlay-color":"","overlay-opacity":"","overlay-gradient":""},"tablet":{"background-color":"var(--ast-global-color-5)","background-image":"","background-repeat":"repeat","background-position":"center center","background-size":"auto","background-attachment":"scroll","background-type":"","background-media":"","overlay-type":"","overlay-color":"","overlay-opacity":"","overlay-gradient":""},"mobile":{"background-color":"var(--ast-global-color-5)","background-image":"","background-repeat":"repeat","background-position":"center center","background-size":"auto","background-attachment":"scroll","background-type":"","background-media":"","overlay-type":"","overlay-color":"","overlay-opacity":"","overlay-gradient":""}},"footnotes":""},"class_list":["post-1722","page","type-page","status-publish","hentry"],"jetpack_sharing_enabled":true,"_links":{"self":[{"href":"https:\/\/korevia.com\/index.php\/wp-json\/wp\/v2\/pages\/1722","targetHints":{"allow":["GET"]}}],"collection":[{"href":"https:\/\/korevia.com\/index.php\/wp-json\/wp\/v2\/pages"}],"about":[{"href":"https:\/\/korevia.com\/index.php\/wp-json\/wp\/v2\/types\/page"}],"author":[{"embeddable":true,"href":"https:\/\/korevia.com\/index.php\/wp-json\/wp\/v2\/users\/1"}],"replies":[{"embeddable":true,"href":"https:\/\/korevia.com\/index.php\/wp-json\/wp\/v2\/comments?post=1722"}],"version-history":[{"count":2,"href":"https:\/\/korevia.com\/index.php\/wp-json\/wp\/v2\/pages\/1722\/revisions"}],"predecessor-version":[{"id":1774,"href":"https:\/\/korevia.com\/index.php\/wp-json\/wp\/v2\/pages\/1722\/revisions\/1774"}],"wp:attachment":[{"href":"https:\/\/korevia.com\/index.php\/wp-json\/wp\/v2\/media?parent=1722"}],"curies":[{"name":"wp","href":"https:\/\/api.w.org\/{rel}","templated":true}]}}