{"id":1088,"date":"2023-06-10T18:22:20","date_gmt":"2023-06-10T17:22:20","guid":{"rendered":"http:\/\/nuevo.korevia.com\/index.php\/product\/horquilla-brillantes-dos-colores\/"},"modified":"2023-06-10T18:22:21","modified_gmt":"2023-06-10T17:22:21","slug":"horquilla-brillantes-dos-colores","status":"publish","type":"product","link":"https:\/\/korevia.com\/index.php\/product\/horquilla-brillantes-dos-colores\/","title":{"rendered":"Horquilla brillantes dos colores"},"content":{"rendered":"<p>Horquilla de resina con letras de madera recubiertas con piedras de dos colores, clip de metal niquelado dorado.<\/p>\n<p>Esta horquilla se puede personalizar con el nombre que tu elijas (m\u00e1ximo, 5 letras). Tambi\u00e9n puedes elegir el color de las piedras coloreadas, que ser\u00edan: Rosa beb\u00e9, Rosa fucsia, Verde claro, Verde oscuro, Azul Claro, Azul Oscuro, Plata, Negro, Rojo, Amarillo, Lila claro y Lila Oscuro.<\/p>\n<p>Para hacer la personalizaci\u00f3n, primero debes comprar la horquilla y contactar con nosotros a trav\u00e9s de korevia@korevia.com o el formulario de contacto y decirnos el nombre que quieres para tu horquilla y el color.<\/p>\n<p>Estas horquillas son una muestra para que puedas ver como quedar\u00edan, el precio de la horquilla es por unidad.<\/p>\n","protected":false},"excerpt":{"rendered":"<p>Horquilla de resina con letras de madera recubiertas con piedras de dos colores, clip de metal niquelado dorado. Esta horquilla se puede personalizar con el nombre que tu elijas (m\u00e1ximo, 5 letras). Tambi\u00e9n puedes elegir el color de las piedras coloreadas, que ser\u00edan: Rosa beb\u00e9, Rosa fucsia, Verde claro, Verde oscuro, Azul Claro, Azul Oscuro, [&hellip;]<\/p>\n","protected":false},"featured_media":1132,"comment_status":"open","ping_status":"closed","template":"","meta":{"site-sidebar-layout":"default","site-content-layout":"","ast-site-content-layout":"","site-content-style":"default","site-sidebar-style":"default","ast-global-header-display":"","ast-banner-title-visibility":"","ast-main-header-display":"","ast-hfb-above-header-display":"","ast-hfb-below-header-display":"","ast-hfb-mobile-header-display":"","site-post-title":"","ast-breadcrumbs-content":"","ast-featured-img":"","footer-sml-layout":"","theme-transparent-header-meta":"","adv-header-id-meta":"","stick-header-meta":"","header-above-stick-meta":"","header-main-stick-meta":"","header-below-stick-meta":"","astra-migrate-meta-layouts":"default","ast-page-background-enabled":"default","ast-page-background-meta":{"desktop":{"background-color":"var(--ast-global-color-4)","background-image":"","background-repeat":"repeat","background-position":"center center","background-size":"auto","background-attachment":"scroll","background-type":"","background-media":"","overlay-type":"","overlay-color":"","overlay-opacity":"","overlay-gradient":""},"tablet":{"background-color":"","background-image":"","background-repeat":"repeat","background-position":"center center","background-size":"auto","background-attachment":"scroll","background-type":"","background-media":"","overlay-type":"","overlay-color":"","overlay-opacity":"","overlay-gradient":""},"mobile":{"background-color":"","background-image":"","background-repeat":"repeat","background-position":"center center","background-size":"auto","background-attachment":"scroll","background-type":"","background-media":"","overlay-type":"","overlay-color":"","overlay-opacity":"","overlay-gradient":""}},"ast-content-background-meta":{"desktop":{"background-color":"var(--ast-global-color-5)","background-image":"","background-repeat":"repeat","background-position":"center center","background-size":"auto","background-attachment":"scroll","background-type":"","background-media":"","overlay-type":"","overlay-color":"","overlay-opacity":"","overlay-gradient":""},"tablet":{"background-color":"var(--ast-global-color-5)","background-image":"","background-repeat":"repeat","background-position":"center center","background-size":"auto","background-attachment":"scroll","background-type":"","background-media":"","overlay-type":"","overlay-color":"","overlay-opacity":"","overlay-gradient":""},"mobile":{"background-color":"var(--ast-global-color-5)","background-image":"","background-repeat":"repeat","background-position":"center center","background-size":"auto","background-attachment":"scroll","background-type":"","background-media":"","overlay-type":"","overlay-color":"","overlay-opacity":"","overlay-gradient":""}}},"product_brand":[],"product_cat":[443,444],"product_tag":[33,50,19,20,248,81,28,150,31,32],"class_list":{"0":"post-1088","1":"product","2":"type-product","3":"status-publish","4":"has-post-thumbnail","6":"product_cat-horquillas-de-pelo","7":"product_cat-horquillas-personalizadas","8":"product_tag-brillos","9":"product_tag-colores","10":"product_tag-fantasy","11":"product_tag-fun","12":"product_tag-hecho-a-mano","13":"product_tag-horquillas","14":"product_tag-original","15":"product_tag-personalizadas","16":"product_tag-piedras","17":"product_tag-resina","18":"desktop-align-left","19":"tablet-align-left","20":"mobile-align-left","22":"first","23":"instock","24":"shipping-taxable","25":"purchasable","26":"product-type-simple"},"jetpack_sharing_enabled":true,"_links":{"self":[{"href":"https:\/\/korevia.com\/index.php\/wp-json\/wp\/v2\/product\/1088","targetHints":{"allow":["GET"]}}],"collection":[{"href":"https:\/\/korevia.com\/index.php\/wp-json\/wp\/v2\/product"}],"about":[{"href":"https:\/\/korevia.com\/index.php\/wp-json\/wp\/v2\/types\/product"}],"replies":[{"embeddable":true,"href":"https:\/\/korevia.com\/index.php\/wp-json\/wp\/v2\/comments?post=1088"}],"wp:featuredmedia":[{"embeddable":true,"href":"https:\/\/korevia.com\/index.php\/wp-json\/wp\/v2\/media\/1132"}],"wp:attachment":[{"href":"https:\/\/korevia.com\/index.php\/wp-json\/wp\/v2\/media?parent=1088"}],"wp:term":[{"taxonomy":"product_brand","embeddable":true,"href":"https:\/\/korevia.com\/index.php\/wp-json\/wp\/v2\/product_brand?post=1088"},{"taxonomy":"product_cat","embeddable":true,"href":"https:\/\/korevia.com\/index.php\/wp-json\/wp\/v2\/product_cat?post=1088"},{"taxonomy":"product_tag","embeddable":true,"href":"https:\/\/korevia.com\/index.php\/wp-json\/wp\/v2\/product_tag?post=1088"}],"curies":[{"name":"wp","href":"https:\/\/api.w.org\/{rel}","templated":true}]}}